311 is divided by 429.
24
Calculate the remainder when 4397 is divided by 20.
17
What is the remainder when 858 is divided by 23?
7
What is the remainder when 502 is divided by 36?
34
Calculate the remainder when 2370 is divided by 27.
21
Calculate the remainder when 1480 is divided by 122.
16
Calculate the remainder when 167 is divided by 28.
27
What is the remainder when 9919 is divided by 34?
25
Calculate the remainder when 68 is divided by 18.
14
What is the remainder when 103 is divided by 31?
10
What is the remainder when 33298 is divided by 75?
73
Calculate the remainder when 6126 is divided by 8.
6
What is the remainder when 70 is divided by 20?
10
Calculate the remainder when 43 is divided by 24.
19
What is the remainder when 23 is divided by 6?
5
Calculate the remainder when 598 is divided by 32.
22
What is the remainder when 228 is divided by 206?
22
Calculate the remainder when 387 is divided by 191.
5
Calculate the remainder when 677 is divided by 25.
2
Calculate the remainder when 2341 is divided by 28.
17
What is the remainder when 4096 is divided by 17?
16
Calculate the remainder when 40739 is divided by 420.
419
Calculate the remainder when 416 is divided by 205.
6
What is the remainder when 1210 is divided by 101?
99
What is the remainder when 2617 is divided by 77?
76
What is the remainder when 2194 is divided by 47?
32
What is the remainder when 4179 is divided by 47?
43
What is the remainder when 257 is divided by 133?
124
Calculate the remainder when 346 is divided by 29.
27
What is the remainder when 190 is divided by 96?
94
Calculate the remainder when 361 is divided by 76.
57
What is the remainder when 235 is divided by 14?
11
What is the remainder when 6362 is divided by 13?
5
What is the remainder when 712 is divided by 154?
96
Calculate the remainder when 86 is divided by 72.
14
What is the remainder when 670 is divided by 664?
6
What is the remainder when 353 is divided by 90?
83
What is the remainder when 148 is divided by 43?
19
What is the remainder when 916 is divided by 227?
8
What is the remainder when 184 is divided by 47?
43
Calculate the remainder when 843 is divided by 65.
63
Calculate the remainder when 290 is divided by 59.
54
Calculate the remainder when 314 is divided by 16.
10
Calculate the remainder when 276 is divided by 17.
4
What is the remainder when 291 is divided by 76?
63
Calculate the remainder when 8 is divided by 3.
2
What is the remainder when 501 is divided by 21?
18
What is the remainder when 111 is divided by 65?
46
What is the remainder when 348 is divided by 71?
64
Calculate the remainder when 3194 is divided by 23.
20
Calculate the remainder when 255 is divided by 64.
63
What is the remainder when 79 is divided by 21?
16
Calculate the remainder when 3798 is divided by 81.
72
Calculate the remainder when 702 is divided by 8.
6
What is the remainder when 467 is divided by 173?
121
What is the remainder when 118 is divided by 40?
38
Calculate the remainder when 59 is divided by 13.
7
What is the remainder when 721 is divided by 79?
10
What is the remainder when 1222 is divided by 25?
22
Calculate the remainder when 44 is divided by 25.
19
What is the remainder when 119 is divided by 8?
7
Calculate the remainder when 1109 is divided by 216.
29
What is the remainder when 825 is divided by 18?
15
Calculate the remainder when 549 is divided by 22.
21
Calculate the remainder when 106 is divided by 32.
10
What is the remainder when 596 is divided by 46?
44
What is the remainder when 144 is divided by 21?
18
What is the remainder when 555 is divided by 227?
101
Calculate the remainder when 1320 is divided by 63.
60
What is the remainder when 3453 is divided by 32?
29
What is the remainder when 46 is divided by 37?
9
What is the remainder when 443 is divided by 5?
3
Calculate the remainder when 24 is divided by 2.
0
Calculate the remainder when 145 is divided by 15.
10
What is the remainder when 227 is divided by 4?
3
Calculate the remainder when 46 is divided by 12.
10
What is the remainder when 88 is divided by 4?
0
Calculate the remainder when 145 is divided by 11.
2
What is the remainder when 950 is divided by 68?
66
What is the remainder when 160 is divided by 140?
20
Calculate the remainder when 409 is divided by 41.
40
What is the remainder when 224 is divided by 47?
36
Calculate the remainder when 982 is divided by 3.
1
What is the remainder when 268 is divided by 15?
13
Calculate the remainder when 102 is divided by 49.
4
What is the remainder when 6277 is divided by 8?
5
Calculate the remainder when 700 is divided by 19.
16
Calculate the remainder when 142 is divided by 62.
18
What is the remainder when 357 is divided by 36?
33
Calculate the remainder when 1719 is divided by 86.
85
Calculate the remainder when 11662 is divided by 12.
10
Calculate the remainder when 3237 is divided by 36.
33
What is the remainder when 3584 is divided by 893?
12
What is the remainder when 147 is divided by 50?
47
What is the remainder when 223 is divided by 2?
1
Calculate the remainder when 508 is divided by 17.
15
What is the remainder when 481 is divided by 69?
67
What is the remainder when 150 is divided by 76?
74
What is the remainder when 21887 is divided by 371?
369
What is the remainder when 2707 is divided by 20?
7
Calculate the remainder when 597 is divided by 60.
57
What is the remainder when 3661 is divided by 522?
7
What is the remainder when 869 is divided by 298?
273
Calculate the remainder when 359 is divided by 77.
51
Calculate the remainder when 126 is divided by 56.
14
Calculate the remainder when 309 is divided by 82.
63
Calculate the remainder when 1097 is divided by 44.
41
Calculate the remainder when 771 is divided by 257.
0
What is the remainder when 1938 is divided by 951?
36
Calculate the remainder when 440 is divided by 147.
146
Calculate the remainder when 753 is divided by 36.
33
Calculate the remainder when 101 is divided by 22.
13
What is the remainder when 201 is divided by 104?
97
What is the remainder when 13593 is divided by 132?
129
What is the remainder when 210 is divided by 24?
18
What is the remainder when 34 is divided by 19?
15
Calculate the remainder when 283 is divided by 4.
3
What is the remainder when 381 is divided by 35?
31
What is the remainder when 1054 is divided by 121?
86
What is the remainder when 277 is divided by 32?
21
What is the remainder when 657 is divided by 90?
27
What is the remainder when 1536 is divided by 77?
73
Calculate the remainder when 148 is divided by 133.
15
Calculate the remainder when 506 is divided by 102.
98
Calculate the remainder when 211 is divided by 37.
26
Calculate the remainder when 196 is divided by 37.
11
Calculate the remainder when 335 is divided by 57.
50
Calculate the remainder when 680 is divided by 120.
80
What is the remainder when 995 is divided by 1?
0
What is the remainder when 3032 is divided by 44?
40
Calculate the remainder when 37 is divided by 2.
1
Calculate the remainder when 3000 is divided by 130.
10
Calculate the remainder when 6824 is divided by 35.
34
Calculate the remainder when 3390 is divided by 845.
10
What is the remainder when 58 is divided by 17?
7
Calculate the remainder when 2277 is divided by 53.
51
What is the remainder when 337 is divided by 26?
25
Calculate the remainder when 203 is divided by 51.
50
What is the remainder when 94 is divided by 32?
30
What is the remainder when 1997 is divided by 50?
47
Calculate the remainder when 3511 is divided by 71.
32
What is the remainder when 153 is divided by 31?
29
Calculate the remainder when 142 is divided by 40.
22
What is the remainder when 721 is divided by 122?
111
What is the remainder when 266 is divided by 134?
132
Calculate the remainder when 170 is divided by 3.
2
What is the remainder when 132 is divided by 17?
13
What is the remainder when 636 is divided by 20?
16
Calculate the remainder when 3129 is divided by 56.
49
Calculate the remainder when 137 is divided by 1.
0
Calculate the remainder when 388 is divided by 91.
24
What is the remainder when 1303 is divided by 348?
259
Calculate the remainder when 155 is divided by 11.
1
What is the remainder when 7276 is divided by 182?
178
Calculate the remainder when 1035 is divid